t o(p) = -1. Let m(n) = -8*o(n) - 3*v(n). Let h = -1 + 8. Let i(a) = h*k(a) + 6*m(a). What is i(2)?
11
Let h be 55/(-10)*2 + 6. Let t(v) be the third derivative of v**4/24 + 5*v**3/6 - v**2. Let l be t(h). Let j(z) = -z**2 + 1. What is j(l)?
1
Let y = 8715 - 8711. Let d(h) = -h**3 + 6*h**2 - 16*h + 28. Calculate d(y).
-4
Let l(i) = 12*i**2 + 8*i + 4. Let n(k) = k**2 + k + 1. Let h(r) = l(r) - 6*n(r). Let x(j) = -j**3 - 46*j**2 - 79*j + 394. Let d be x(-44). Give h(d).
18
Let t(j) = j**2 - 12*j + 31. Let a be t(3). Suppose 4*f - 4*p + 40 = 0, 0 = -2*f - 5*p - 2 - a. Let b(y) = 9 - 20 + y + 15. Calculate b(f).
-4
Let g be (3/15)/((2/(-3))/(575/(-1035))). Let p(r) be the third derivative of 1/30*r**5 + 0 - 1/60*r**6 - g*r**3 + 0*r - 35*r**2 + 1/12*r**4. Give p(2).
-5
Let u(c) = -11*c**2 - 7*c + 30. Let a be u(6). Let r = 403 + a. Let n(t) = 4*t - 4. Give n(r).
-24
Let f(g) be the third derivative of 0 + 11/3*g**3 + 30*g**2 + 2*g + 1/60*g**5 + 1/2*g**4. Determine f(-9).
-5
Let t = 279 - 277. Let v(b) = 2*b**2 - 14*b + 25. Let c be v(t). Let g(m) = m**3 - 5*m**2 - 4*m + 1. Determine g(c).
-19
Let c(i) = 2 - 2*i - 5 - 5. Let z(v) = 1. Suppose 370*p = 356*p + 14. Let x(d) = p*c(d) + z(d). Calculate x(-6).
5
Let d be (10/12)/(3/((-18)/(-1))) + -2. Let n(c) = c. Let j(p) = -p - 1. Let f(o) = -4*j(o) + n(o). Give f(d).
19
Suppose i = -y - 3*i - 178, -907 = 5*y + 3*i. Let q = y + 189. Let p(t) = t**3 - 7*t**2 + 5. Calculate p(q).
5
Let m(k) = -k**3 + k**2 - 1. Suppose 3*h - 345 = 15. Let x = h - 119. Calculate m(x).
-1
Let g(f) = -f**2 - 11*f - 17. Let u be g(-9). Let n(a) = 10*a - 12. Let t(y) = 3*y. Let k(l) = u*n(l) - 3*t(l). Determine k(7).
-5
Let k(i) = i**2 - 3*i - 10*i - 4 - 2*i + 6 + 17*i. Give k(-8).
50
Let w(c) be the third derivative of -c**5/120 - 5*c**4/24 - 35*c**3/3 - 53*c**2. Let s(f) be the first derivative of w(f). Give s(-10).
5
Let h(o) = 9*o - 16. Let v = -539 + 544. Let r(x) = -10*x + 19. Let p(w) = v*r(w) + 6*h(w). Let c be (-12)/(-8)*4/(-6). Calculate p(c).
-5
Let i(l) = -l**3 - 19*l**2 - 3*l + 18. Let q(p) = 3*p**3 + 55*p**2 + 7*p - 63. Let a(f) = -8*i(f) - 3*q(f). Give a(-13).
6
Let k(r) = -2*r**2 + 5*r + 1. Suppose 0 = -5*u - 3*v + 43, -3 - 2 = -5*v. Let a be u*-3*3/(-12)*1. Suppose 10 = 3*i + y, a + 6 = 5*i + 4*y. Calculate k(i).
-11
Suppose 2*p - 5*p - x - 6 = 0, -5*p + 3*x = 24. Let g(l) = -4*l**2 - 14*l + 1. Calculate g(p).
7
Let b(s) = -2*s**2 + 3*s + 1. Let l(r) = -r**2 - 18*r + 43. Let a = 33 + 23. Let q be a/(-14) + (-32)/2. Let p be l(q). What is b(p)?
-8
Let b(z) = z**2 - 11*z - 14. Let f(m) = 16*m - 34. Let k be f(3). Determine b(k).
28
Let m(t) = 2*t**2 - t - 9. Let p(x) = x**2 - x - 5. Let y(q) = -3*m(q) + 5*p(q). Let a = -220 + 222. Let c be 2*(-4 - a - -5). Determine y(c).
2
Suppose -138*w + 49 = 3*o - 140*w, -4*w = 20. Let y(k) = -k**2 + 11*k + 42. Calculate y(o).
16
Let l(s) be the first derivative of -s**6/120 + s**5/15 - 2*s**3/3 + 2*s**2 - 2*s - 49. Let u(n) be the second derivative of l(n). What is u(4)?
-4
Let q = -10117 - -10084. Let n(t) = t**3 + 32*t**2 - 33*t - 39. What is n(q)?
-39
Suppose 0*h = h - 3*j - 77, -3*h + 231 = -5*j. Let i(d) = -6*d**2 - 2*d + h + d**3 + 9*d - 87. Give i(5).
0
Let m(g) be the third derivative of g**5/20 - g**4/12 + g**3/2 + 1144*g**2. Determine m(3).
24
Let h(q) = 19*q - 853. Let m be h(45). Let k = 0 + 1. Let o(p) = m - 8 - p - k. Give o(0).
-7
Let c(u) = -u - 3. Let y be ((-50)/(-6) - -1)*3/2. Suppose -16*p = -y*p - 6. Suppose n - 5 = z, -2 = p*z + 13. Determine c(n).
-3
Let l(w) be the second derivative of 0 - 137*w + 1/12*w**4 - 17/20*w**5 + 1/2*w**2 + 1/6*w**3. What is l(-1)?
18
Let r(o) = 3*o**3 - 5*o**2 - o. Let t(x) = 11*x**3 - 39*x**2 - 36*x + 3. Let k(g) = 4*r(g) - t(g). Give k(-2).
1
Suppose -4*v - 12 = 0, -45*v + 72 = -5*a - 44*v. Let p(k) = k + 5. Let l(h) = -2*h - 9. Let j(t) = 2*l(t) + 5*p(t). Calculate j(a).
-8
Let k(t) = 16*t - 59. Let n(r) = 18*r - 41. Let a(q) = -2*k(q) + 3*n(q). What is a(4)?
83
Suppose 0 = u - 4 - 13. Let p(o) = -25 + 3*o + 466*o**2 + 334*o**3 - 484*o**2 + 16*o - 333*o**3. Determine p(u).
9
Let q(h) be the third derivative of -h**5/60 + 7*h**3/2 - 2713*h**2. Give q(7).
-28
Suppose -164*m + 158*m = 12. Let z(a) = -10*a - 24. Let h be z(m). Let t(l) = l**2 + 5*l + 4. What is t(h)?
0
Let r(u) = 21*u**2 - 854*u - 60. Let q(j) = 5*j**2 - 171*j - 13. Let l(o) = -14*q(o) + 3*r(o). Calculate l(-24).
2
Let b(a) = a**3 + 17*a**2 - 36*a + 39. Let z be b(-19). Let p(s) = -4*s - 1. Let r(q) = 13*q + 15. Let v(k) = z*r(k) + 3*p(k). Determine v(-5).
7
Let h(r) = -3 + 0*r**2 + 0*r + 2*r**2 + 3*r. Let k(c) = -c**3 - 17*c**2 + 19*c - 46. Let u be k(-17). Let y = 371 + u. Give h(y).
11
Let h(u) = -u**2 + 516*u - 2558. Let g be h(5). Let o(a) be the third derivative of 5*a**4/12 - 3*a**2. What is o(g)?
-30
Let w(t) be the third derivative of t**4/12 + 13*t**3/3 + 2022*t**2. Determine w(-15).
-4
Let i(c) be the third derivative of c**4/24 - 5*c**3/6 - c**2. Suppose 12*r + 14*r - 78 = 0. Suppose 0 = 96*v - 95*v - r. Give i(v).
-2
Suppose 2*r = -34 - 18. Let d = -18 - r. Let k(q) = 26*q**3 - 3*q**2 + 5*q. Let x(y) = -31*y**3 + 2*y**2 - 6*y + 1. Let m(c) = 6*k(c) + 5*x(c). Calculate m(d).
5
Let l(t) = -t**2 + 14*t - 20. Let p be (-35)/(-5)*9/(315/10). What is l(p)?
4
Suppose -5*n + 4 = -3*n. Let p(f) be the third derivative of -f**4/12 + f**3/2 + 10*f**2 + 3. Let q(x) = -2*x + 7. Let b(z) = -9*p(z) + 4*q(z). Give b(n).
21
Let v(q) = -6*q**2 - q - 1. Let c(y) = y + 1. Let b(n) = n**2 - 4*n - 5. Let w(u) = 4*b(u) + 22*c(u). Let p be w(-2). Suppose -p*m = -m + 5. Calculate v(m).
-6
Let j(m) = m**3 - m**2 - 4*m - 3. Let p(g) = 5*g**3 - 4*g**2 - 22*g - 15. Let u(b) = -11*j(b) + 2*p(b). Calculate u(3).
3
Let n be -5*3/6*-2*1. Let x(t) = -4480*t + 9 + 0 + 4481*t + n. What is x(-6)?
8
Suppose 5 = -2*c - 1. Let m(k) = 34*k + 7. Let f(o) = -44*o - 13. Let l(g) = -4*f(g) - 5*m(g). Determine l(c).
-1
Let p = -218 + 138. Let m = -198 - -118. Let u = p - m. Let y(x) = -x + 7. Determine y(u).
7
Let j(r) be the second derivative of r**4/12 - 2*r**3/3 - 211*r**2/2 + 147*r. Let m(i) be the first derivative of j(i). What is m(-8)?
-20
Let p(d) = -2*d**2 + d - 15. Suppose -1 = -o - 3*a, -o - 5*a + 64 = 67. Give p(o).
-106
Let u(x) be the second derivative of 1/20*x**5 + 217*x + 7/2*x**2 - 1/4*x**4 - 2/3*x**3 + 0. Determine u(4).
7
Suppose 0 = -2*p + 6*p + 12. Let z(y) be the second derivative of y**5/20 + y**4/4 + y**3/2 + 2*y**2 - 4366*y. Give z(p).
-5
Let x(m) = -m**3 - 8*m - 1. Let f(q) = 2*q**3 + q**2 + 23*q + 2. Let t(d) = -3*f(d) - 8*x(d). Let h be 7/(-35) + 32/10. Give t(h).
14
Let q(h) = -30*h + 17 + h**2 - 19*h - 29*h + 65*h. Let w be q(11). Let l be ((-8)/w)/((-2)/10). Let n(z) = z**3 + 8*z**2 + z + 8. Calculate n(l).
0
Let k(y) be the first derivative of -y**3 + 29*y**2/2 - 15*y + 4355. Calculate k(9).
3
Let b(j) = -3*j + 2. Let s(u) = -3*u**2 + 71*u + 50. Let o(a) = a**2 - 23*a - 17. Let z(x) = -7*o(x) - 2*s(x). Let k be z(-1). Give b(k).
5
Let t(l) = 4*l**2 + 22*l + 6. Suppose 52 + 108 = -30*k + 10. Give t(k).
-4
Let y(v) be the second derivative of -7*v**3/6 + 5*v**2/2 - 51*v. Let w(c) = -13*c + 9. Let m(j) = 6*w(j) - 11*y(j). Determine m(9).
-10
Let t(s) = -s**2 - 14*s - 26. Let m be (2 + 18/(-30) + 1)*(-3 - 2). Give t(m).
-2
Let a(g) = 6*g**3 + 23*g**2 - 8*g - 2. Let w(h) = 6*h**3 + 27*h**2 - 9*h - 3. Let l(n) = 7*a(n) - 6*w(n). Determine l(2).
44
Let d(z) = 2*z + 8*z**2 - 3*z**3 - 2*z**2 + 202 - 197 - z - 3*z**3 + 5*z**3. Let m(a) = -a**2 + 2*a. Let p be m(2). Suppose 0 = -p*v + v - 6. Calculate d(v).
11
Let w = -154 + 150. Let l(h) = 5*h + 5. Let d(b) = 5*b + 4. Suppose 4*g = 5*a - 33, 4*a + 11 - 39 = 4*g. Let j(q) = g*l(q) + 3*d(q). Give j(w).
-18
Suppose 5*h + 2 = -3*b, 0 = -2*b - 3*h + 15 - 16. Let z(j) = -25*j**2 - j + 1. Determine z(b).
-25
Let v(b) = 11*b**2 - 2*b + 1. Let k be v(-2). Let c = k + -45. Let i(l) = -1 - l - l**2 + c + l - 4*l. What is i(-4)?
3
Suppose -4 = v - 4*i, 9*v + 5*i - 5 = 11*v. Suppose v = 7*r - 55 + 20. Let f(u) = u**2 - 4*u + 9. Determine f(r).
14
Let p(q) = 11*q + 177. Suppose 15*c - 66 = -306. What is p(c)?
1
Let k be 3*(4/3 - -1). Let a(p) = 7*p**3 - p**2 + 3*p - 3. Let v(c) = 8*c**3 - c**2 + 4*c - 4. Let l(i) = k*a(i) - 6*